






{"id":2434,"date":"2026-02-09T14:55:37","date_gmt":"2026-02-09T11:55:37","guid":{"rendered":"https:\/\/www.trakya3d.com\/?post_type=product&#038;p=2434"},"modified":"2026-04-10T09:48:00","modified_gmt":"2026-04-10T06:48:00","slug":"pla-500mms-mermer-rengi-1kg","status":"publish","type":"product","link":"https:\/\/www.trakya3d.com\/index.php\/urun\/pla-500mms-mermer-rengi-1kg\/","title":{"rendered":"PLA + 500mms Mermer Rengi 1KG"},"content":{"rendered":"<p>\u0130STANBUL filament, 3D bask\u0131 s\u00fcrecinde kolayl\u0131kla kullan\u0131labilen bir filamenttir. \u0130yi bir tutarl\u0131l\u0131k sa\u011flar ve d\u00fczg\u00fcn bir \u015fekilde beslenerek bask\u0131 yapman\u0131z\u0131 sa\u011flar.<\/p>\n<p><strong>\u00c7evre dostu:<\/strong>\u00a0PLA, biyobozulur bir malzemedir, yani do\u011fada \u00e7\u00fcr\u00fcyebilir. Bitkisel bazl\u0131 oldu\u011fu i\u00e7in fosil yak\u0131tlar\u0131na dayal\u0131 plastiklerden daha \u00e7evre dostudur.<\/p>\n<p><strong>D\u00fc\u015f\u00fck termal deformasyon:\u00a0<\/strong>PLA\u2019n\u0131n termal deformasyon e\u015fi\u011fi, di\u011fer yayg\u0131n filament t\u00fcrlerinden daha d\u00fc\u015f\u00fckt\u00fcr. Bu, PLA\u2019n\u0131n d\u00fc\u015f\u00fck s\u0131cakl\u0131kta bask\u0131 yapabilmesi anlam\u0131na gelir. Is\u0131tma tablas\u0131 gereksinimleri genellikle di\u011fer filament t\u00fcrlerine k\u0131yasla daha d\u00fc\u015f\u00fckt\u00fcr.<\/p>\n<p><strong>Az kokulu:<\/strong>\u00a0PLA filament, di\u011fer baz\u0131 filament t\u00fcrlerine k\u0131yasla daha az kokuya sahiptir. Bask\u0131 s\u00fcreci s\u0131ras\u0131nda neredeyse kokusuzdur, bu da kullan\u0131c\u0131lar i\u00e7in daha iyi bir deneyim sa\u011flar.<\/p>\n<p><strong>Geni\u015f renk se\u00e7ene\u011fi:<\/strong>\u00a0\u0130stanbul filament, bir\u00e7ok farkl\u0131 renkte bulunabilir. Bu, kullan\u0131c\u0131lar\u0131n yarat\u0131c\u0131l\u0131klar\u0131n\u0131 sergileyebilecekleri ve \u00e7e\u015fitli projeler i\u00e7in istedikleri renkleri se\u00e7ebilecekleri anlam\u0131na gelir.<\/p>\n<p>TEKN\u0130K \u00d6ZELL\u0130KLER\u0130<\/p>\n<table border=\"1\" cellspacing=\"1\" cellpadding=\"1\">\n<tbody>\n<tr>\n<td>\u0130STANBUL filament, 3D bask\u0131 s\u00fcrecinde kolayl\u0131kla kullan\u0131labilen bir filamenttir. \u0130yi bir tutarl\u0131l\u0131k sa\u011flar ve d\u00fczg\u00fcn bir \u015fekilde beslenerek bask\u0131 yapman\u0131z\u0131 sa\u011flar.<\/p>\n<p><strong>\u00c7evre dostu:<\/strong>\u00a0PLA, biyobozulur bir malzemedir, yani do\u011fada \u00e7\u00fcr\u00fcyebilir. Bitkisel bazl\u0131 oldu\u011fu i\u00e7in fosil yak\u0131tlar\u0131na dayal\u0131 plastiklerden daha \u00e7evre dostudur.<\/p>\n<p><strong>D\u00fc\u015f\u00fck termal deformasyon:\u00a0<\/strong>PLA\u2019n\u0131n termal deformasyon e\u015fi\u011fi, di\u011fer yayg\u0131n filament t\u00fcrlerinden daha d\u00fc\u015f\u00fckt\u00fcr. Bu, PLA\u2019n\u0131n d\u00fc\u015f\u00fck s\u0131cakl\u0131kta bask\u0131 yapabilmesi anlam\u0131na gelir. Is\u0131tma tablas\u0131 gereksinimleri genellikle di\u011fer filament t\u00fcrlerine k\u0131yasla daha d\u00fc\u015f\u00fckt\u00fcr.<\/p>\n<p><strong>Az kokulu:<\/strong>\u00a0PLA filament, di\u011fer baz\u0131 filament t\u00fcrlerine k\u0131yasla daha az kokuya sahiptir. Bask\u0131 s\u00fcreci s\u0131ras\u0131nda neredeyse kokusuzdur, bu da kullan\u0131c\u0131lar i\u00e7in daha iyi bir deneyim sa\u011flar.<\/p>\n<p><strong>Geni\u015f renk se\u00e7ene\u011fi:<\/strong>\u00a0\u0130stanbul filament, bir\u00e7ok farkl\u0131 renkte bulunabilir. Bu, kullan\u0131c\u0131lar\u0131n yarat\u0131c\u0131l\u0131klar\u0131n\u0131 sergileyebilecekleri ve \u00e7e\u015fitli projeler i\u00e7in istedikleri renkleri se\u00e7ebilecekleri anlam\u0131na gelir.<\/p>\n<p>TEKN\u0130K \u00d6ZELL\u0130KLER\u0130<\/p>\n<table border=\"1\" cellspacing=\"1\" cellpadding=\"1\">\n<tbody>\n<tr>\n<td>\u00c7al\u0131\u015fma s\u0131cakl\u0131\u011f\u0131<\/td>\n<td>210-240 C<\/td>\n<\/tr>\n<tr>\n<td>Tabla s\u0131cakl\u0131\u011f\u0131<\/td>\n<td>60-80 C<\/td>\n<\/tr>\n<tr>\n<td>A\u011f\u0131rl\u0131k<\/td>\n<td>1000 grm<\/td>\n<\/tr>\n<tr>\n<td>Makara a\u011f\u0131rl\u0131k<\/td>\n<td>200 grm<\/td>\n<\/tr>\n<tr>\n<td>\u00c7ap tolerans<\/td>\n<td>+\/- 0.05 mm<\/td>\n<\/tr>\n<tr>\n<td>\u00c7ap<\/td>\n<td>1.75 mm<\/td>\n<\/tr>\n<\/tbody>\n<\/table>\n<\/td>\n<\/tr>\n<\/tbody>\n<\/table>\n","protected":false},"excerpt":{"rendered":"<p>\u0130STANBUL filament, 3D bask\u0131 s\u00fcrecinde kolayl\u0131kla kullan\u0131labilen bir filamenttir. \u0130yi bir tutarl\u0131l\u0131k sa\u011flar ve d\u00fczg\u00fcn bir \u015fekilde beslenerek bask\u0131 yapman\u0131z\u0131 sa\u011flar.<\/p>\n<p><strong>\u00c7evre dostu:<\/strong>\u00a0PLA, biyobozulur bir malzemedir, yani do\u011fada \u00e7\u00fcr\u00fcyebilir. Bitkisel bazl\u0131 oldu\u011fu i\u00e7in fosil yak\u0131tlar\u0131na dayal\u0131 plastiklerden daha \u00e7evre dostudur.<\/p>\n<p><strong>D\u00fc\u015f\u00fck termal deformasyon:\u00a0<\/strong>PLA\u2019n\u0131n termal deformasyon e\u015fi\u011fi, di\u011fer yayg\u0131n filament t\u00fcrlerinden daha d\u00fc\u015f\u00fckt\u00fcr. Bu, PLA\u2019n\u0131n d\u00fc\u015f\u00fck s\u0131cakl\u0131kta bask\u0131 yapabilmesi anlam\u0131na gelir. Is\u0131tma tablas\u0131 gereksinimleri genellikle di\u011fer filament t\u00fcrlerine k\u0131yasla daha d\u00fc\u015f\u00fckt\u00fcr.<\/p>\n","protected":false},"featured_media":2435,"comment_status":"open","ping_status":"closed","template":"","meta":[],"product_brand":[43],"product_cat":[50],"product_tag":[],"class_list":{"0":"post-2434","1":"product","2":"type-product","3":"status-publish","4":"has-post-thumbnail","6":"product_brand-istanbul_filament","7":"product_cat-pla-pla","8":"pa_filament-capi-1-75mm","9":"pa_urun-agirligi-1-kg","10":"pa_urun-rengi-mermer","12":"first","13":"instock","14":"sale","15":"shipping-taxable","16":"purchasable","17":"product-type-simple"},"_links":{"self":[{"href":"https:\/\/www.trakya3d.com\/index.php\/wp-json\/wp\/v2\/product\/2434","targetHints":{"allow":["GET"]}}],"collection":[{"href":"https:\/\/www.trakya3d.com\/index.php\/wp-json\/wp\/v2\/product"}],"about":[{"href":"https:\/\/www.trakya3d.com\/index.php\/wp-json\/wp\/v2\/types\/product"}],"replies":[{"embeddable":true,"href":"https:\/\/www.trakya3d.com\/index.php\/wp-json\/wp\/v2\/comments?post=2434"}],"wp:featuredmedia":[{"embeddable":true,"href":"https:\/\/www.trakya3d.com\/index.php\/wp-json\/wp\/v2\/media\/2435"}],"wp:attachment":[{"href":"https:\/\/www.trakya3d.com\/index.php\/wp-json\/wp\/v2\/media?parent=2434"}],"wp:term":[{"taxonomy":"product_brand","embeddable":true,"href":"https:\/\/www.trakya3d.com\/index.php\/wp-json\/wp\/v2\/product_brand?post=2434"},{"taxonomy":"product_cat","embeddable":true,"href":"https:\/\/www.trakya3d.com\/index.php\/wp-json\/wp\/v2\/product_cat?post=2434"},{"taxonomy":"product_tag","embeddable":true,"href":"https:\/\/www.trakya3d.com\/index.php\/wp-json\/wp\/v2\/product_tag?post=2434"}],"curies":[{"name":"wp","href":"https:\/\/api.w.org\/{rel}","templated":true}]}}